 is the units digit of 505675?
5
What is the units digit of 2003595?
5
What is the ten millions digit of 11788638?
1
What is the units digit of 40932465?
5
What is the millions digit of 10775052?
0
What is the hundreds digit of 272717?
7
What is the units digit of 31382336?
6
What is the hundred thousands digit of 489101?
4
What is the tens digit of 2060920?
2
What is the ten thousands digit of 1491757?
9
What is the ten thousands digit of 11858558?
5
What is the thousands digit of 6389454?
9
What is the ten millions digit of 16298269?
1
What is the thousands digit of 248222?
8
What is the hundred thousands digit of 9322661?
3
What is the units digit of 365850?
0
What is the units digit of 14359688?
8
What is the units digit of 1719256?
6
What is the units digit of 4142275?
5
What is the tens digit of 7153?
5
What is the thousands digit of 124460?
4
What is the ten millions digit of 11641758?
1
What is the millions digit of 2091494?
2
What is the thousands digit of 671553?
1
What is the tens digit of 453078?
7
What is the ten thousands digit of 10929275?
2
What is the tens digit of 13108229?
2
What is the units digit of 4179949?
9
What is the tens digit of 4862919?
1
What is the hundred thousands digit of 685734?
6
What is the hundreds digit of 9498348?
3
What is the hundreds digit of 213530?
5
What is the units digit of 31608?
8
What is the hundreds digit of 7710130?
1
What is the ten millions digit of 10605226?
1
What is the units digit of 497452?
2
What is the units digit of 3005037?
7
What is the tens digit of 4198094?
9
What is the hundreds digit of 12998037?
0
What is the ten thousands digit of 100731?
0
What is the ten millions digit of 17693279?
1
What is the ten thousands digit of 256021?
5
What is the ten thousands digit of 220784?
2
What is the units digit of 1514252?
2
What is the tens digit of 79248?
4
What is the tens digit of 324516?
1
What is the hundred thousands digit of 41236022?
2
What is the tens digit of 1108478?
7
What is the tens digit of 4637?
3
What is the units digit of 47268?
8
What is the hundreds digit of 282493?
4
What is the ten thousands digit of 14697385?
9
What is the hundreds digit of 81273?
2
What is the hundred thousands digit of 1344091?
3
What is the units digit of 2843394?
4
What is the tens digit of 2441510?
1
What is the tens digit of 8796500?
0
What is the ten thousands digit of 7367527?
6
What is the units digit of 7133484?
4
What is the tens digit of 4347340?
4
What is the ten thousands digit of 38692?
3
What is the tens digit of 413338?
3
What is the tens digit of 682698?
9
What is the units digit of 976015?
5
What is the tens digit of 160451?
5
What is the hundreds digit of 121854?
8
What is the ten thousands digit of 491111?
9
What is the thousands digit of 1317735?
7
What is the units digit of 146115?
5
What is the thousands digit of 1902747?
2
What is the ten thousands digit of 3666731?
6
What is the tens digit of 145744?
4
What is the millions digit of 2667373?
2
What is the hundred thousands digit of 844533?
8
What is the ten thousands digit of 467891?
6
What is the hundreds digit of 222493?
4
What is the ten thousands digit of 2011657?
1
What is the units digit of 15821953?
3
What is the ten thousands digit of 1682560?
8
What is the hundreds digit of 2479451?
4
What is the hundred thousands digit of 196214?
1
What is the hundred thousands digit of 982552?
9
What is the tens digit of 806773?
7
What is the thousands digit of 2073338?
3
What is the units digit of 84923?
3
What is the thousands digit of 5102453?
2
What is the units digit of 71041?
1
What is the ten thousands digit of 104580?
0
What is the millions digit of 2325812?
2
What is the hundreds digit of 1350122?
1
What is the tens digit of 256396?
9
What is the tens digit of 401337?
3
What is the hundreds digit of 119416?
4
What is the units digit of 596583?
3
What is the hundred thousands digit of 2290035?
2
What is the ten thousands digit of 929887?
2
What is the ten thousands digit of 1147097?
4
What is the thousands digit of 6243?
6
What is the hundred thousands digit of 1720237?
7
What is the thousands digit of 148061?
8
What is the thousands digit of 5387400?
7
What is the hundreds digit of 577077?
0
What is the hundred thousands digit of 317788?
3
What is the ten millions digit of 36031689?
3
What is the hundred thousands digit of 615816?
6
What is the units digit of 5689226?
6
What is the hundred thousands digit of 488805?
4
What is the tens digit of 161228?
2
What is the tens digit of 20204263?
6
What is the tens digit of 3718959?
5
What is the units digit of 8388339?
9
What is the tens digit of 143740?
4
What is the tens digit of 1531454?
5
What is the units digit of 2471652?
2
What is the tens digit of 1324082?
8
What is the hundreds digit of 883130?
1
What is the units digit of 5640597?
7
What is the thousands digit of 4859870?
9
What is the hundred thousands digit of 581727?
5
What is the units digit of 1388149?
9
What is the units digit of 15564149?
9
What is the ten thousands digit of 2420593?
2
What is the ten thousands digit of 4367255?
6
What is the tens digit of 13393780?
8
What is the hundreds digit of 9129423?
4
What is the hundreds digit of 444984?
9
What is the millions digit of 3147355?
3
What is the millions digit of 1684227?
1
What is the ten thousands digit of 5463888?
6
What is the millions digit of 2259139?
2
What is the tens digit of 2689267?
6
What is the tens digit of 233499?
9
What is the millions digit of 2879559?
2
What is the ten millions digit of 22986461?
2
What is the units digit of 7267372?
2
What is the tens digit of 898970?
7
What is the ten thousands digit of 128916?
2
What is the millions digit of 8678780?
8
What is the thousands digit of 9487304?
7
What is the ten thousands digit of 168886?
6
What is the ten thousands digit of 7168290?
6
What is the ten thousands digit of 447252?
4
What is the ten thousands digit of 5529904?
2
What is the thousands digit of 6273777?
3
What is the hundreds digit of 52912?
9
What is the thousands digit of 195194?
5
What is the units digit of 18485849?
9
What is the thousands digit of 568046?
8
What is the units digit of 1225547?
7
What is the millions digit of 5452865?
5
What is the tens digit of 3596?
9
What is the millions digit of 5348004?
5
What is the millions digit of 1089312?
1
What is the tens digit of 353093?
9
What is the ten thousands digit of 465984?
6
What is the units digit of 1562674?
4
What is the hundreds digit of 8525988?
9
What is the hundreds digit of 3100459?
4
What is the thousands digit of 828058?
8
What is the hundred thousands digit of 8995798?
9
What is the millions digit of 1350624?
1
What is the units digit of 355823?
3
What is the thousands digit of 16471936?
1
What is the tens digit of 4275668?
6
What is the hundred thousands digit of 36201418?
2
What is the thousands digit of 17010879?
0
What is the ten thousands digit of 94008?
9
What is the ten thousands digit of 13613901?
1
What is the hundred thousands digit of 11400335?
4
What is the ten thousands digit of 2567980?
6
What is the hundred thousands digit of 513182?
5
What is the hundred thousands digit of 10589703?
5
What is the hundred thousands digit of 232177?
2
What is the thousands digit of 149011?
9
What is the units digit of 131141?
1
What is the ten thousands digit of 66327?
6
What is the ten thousands digit of 5434967?
3
What is the millions digit of 10312276?
0
What is the ten thousands digit of 43720092?
2
What is the tens digit of 333578?
7
What is the tens digit of 492494?
9
What is the ten thousands digit of 239247?
3
What is the thousands digit of 31057564?
7
What is the tens digit of 117090?
9
What is the tens digit of 23514962?
6
What is the millions digit of 6634651?
6
What is the hundred thousands digit of 572837?
5
What is the ten thousands digit of 423000?
2
What is the thousands digit of 1496815?
6
What is the millions digit of 1218320?
1
What is the units digit of 342497?
7
What is the thousands digit of 34014667?
4
What is the ten thousands digit of 42897505?
9
What is the thousands digit of 2448473?
8
What is the ten thousands digit of 939695?
3
What is the ten thousands digit of 395960?
9
What is the hundreds digit of 26955283?
2
What is the tho